mmon divisor of 355872 and 1513248.
1056
What is the highest common divisor of 14137 and 5219300?
67
Calculate the greatest common divisor of 54890 and 20723470.
4990
Calculate the highest common divisor of 933386487 and 99.
33
What is the highest common divisor of 14285133 and 2538?
1269
Calculate the greatest common factor of 565824 and 3696.
336
Calculate the greatest common factor of 6475 and 1438325.
175
What is the highest common divisor of 1290 and 2326730?
430
What is the highest common factor of 31234975 and 8300?
2075
Calculate the highest common factor of 169631099 and 6941.
6941
Calculate the highest common factor of 43146200 and 725.
725
Calculate the greatest common factor of 27595 and 1090.
5
What is the greatest common divisor of 150 and 1910250900?
150
Calculate the greatest common factor of 33469221 and 1149.
1149
Calculate the highest common factor of 189081 and 3782067.
447
Calculate the highest common divisor of 335578 and 171.
19
Calculate the highest common divisor of 68365 and 1060565.
605
Calculate the highest common factor of 19806125 and 250.
125
What is the greatest common factor of 16715252 and 6592?
412
What is the greatest common divisor of 44599178 and 26?
26
What is the greatest common factor of 6830472 and 1032?
24
Calculate the greatest common divisor of 14632 and 513772.
236
What is the greatest common divisor of 4347 and 302429484?
4347
What is the greatest common factor of 76 and 22044332?
76
What is the greatest common factor of 36631641 and 618?
309
Calculate the greatest common divisor of 1080 and 8840616.
24
What is the highest common divisor of 108738 and 33894?
126
What is the greatest common factor of 106450170 and 60?
30
Calculate the highest common factor of 184161 and 28136751.
1173
What is the greatest common factor of 14465 and 144815?
55
What is the highest common divisor of 3118503 and 366?
183
What is the greatest common divisor of 1066513845 and 30?
15
What is the greatest common divisor of 99 and 588726?
9
Calculate the greatest common divisor of 44793971 and 284.
71
What is the highest common divisor of 1389013 and 8399?
227
Calculate the greatest common factor of 602 and 533641997.
301
Calculate the highest common factor of 21441344 and 192.
64
Calculate the highest common divisor of 7156447 and 215.
43
Calculate the greatest common divisor of 3788046 and 3551.
67
What is the highest common divisor of 7037331 and 300468?
1029
Calculate the greatest common factor of 230385545 and 86355.
9595
Calculate the greatest common factor of 106250 and 1448125.
625
What is the highest common factor of 58432 and 110000?
176
Calculate the greatest common factor of 9873685 and 5780.
1445
What is the highest common factor of 3355968 and 33088?
704
Calculate the greatest common factor of 43711822 and 1978.
1978
What is the highest common divisor of 80725 and 119900?
25
What is the highest common divisor of 228125601 and 216?
9
Calculate the greatest common factor of 927370775 and 1345.
1345
What is the greatest common divisor of 1034139 and 15?
3
What is the greatest common factor of 4108993 and 245?
49
What is the highest common divisor of 1639051 and 2204?
29
What is the greatest common factor of 400 and 254704?
16
What is the greatest common factor of 36825439 and 133?
133
Calculate the highest common factor of 120 and 2861190.
30
What is the greatest common factor of 155603889 and 3188?
797
What is the highest common factor of 25802959 and 686?
49
Calculate the greatest common divisor of 9834 and 37851.
33
What is the greatest common divisor of 207 and 927613?
23
Calculate the highest common divisor of 5054 and 5378900.
722
What is the greatest common divisor of 828 and 41744816?
92
Calculate the greatest common divisor of 257979247 and 749.
107
What is the greatest common divisor of 15197 and 1404793?
13
What is the greatest common divisor of 2147110 and 134680?
2590
What is the highest common factor of 33429 and 49093?
11
What is the greatest common factor of 2867466 and 17353?
469
What is the highest common divisor of 761729 and 92872?
893
Calculate the greatest common divisor of 692800 and 65.
5
Calculate the highest common factor of 75141 and 127926.
621
Calculate the highest common divisor of 348496 and 5336.
184
Calculate the highest common factor of 266483948 and 44.
4
Calculate the greatest common divisor of 45 and 30123.
9
What is the highest common divisor of 465 and 24818910?
465
What is the greatest common factor of 89676 and 8970984?
1692
Calculate the highest common divisor of 2911325 and 54191.
1153
Calculate the greatest common factor of 399 and 20096832.
399
What is the greatest common divisor of 4920 and 27240?
120
What is the highest common factor of 344794944 and 64?
64
What is the highest common divisor of 272202 and 6174?
42
Calculate the greatest common factor of 968069 and 247.
19
Calculate the highest common divisor of 6088061 and 69083.
973
Calculate the greatest common factor of 1482 and 120845586.
114
Calculate the greatest common divisor of 242 and 58277593.
121
Calculate the highest common factor of 31623220 and 580.
20
What is the greatest common divisor of 9 and 221724801?
9
Calculate the highest common factor of 209768398 and 266.
266
Calculate the highest common divisor of 15750 and 663840.
90
Calculate the highest common divisor of 3037393722 and 33.
33
What is the greatest common factor of 250 and 32800125?
125
What is the greatest common divisor of 9202 and 1423042?
86
Calculate the highest common factor of 51167 and 49044916.
2693
Calculate the greatest common factor of 14180 and 3618736.
2836
What is the greatest common factor of 71170460 and 15?
5
Calculate the highest common factor of 10114 and 27794.
26
What is the greatest common divisor of 2275 and 5227040?
455
Calculate the highest common divisor of 490945 and 159775.
2905
What is the highest common divisor of 803486648 and 860?
172
Calculate the highest common factor of 843 and 6367042434.
843
Calculate the highest common divisor of 96273 and 23313.
57
What is the greatest common factor of 2914136 and 1832?
8
What is the greatest common divisor of 32768 and 103232?
64
Calculate the greatest common factor of 10218 and 173947826.
3406
Calculate the greatest common divisor of 35 and 101789485.
35
Calculate the highest common divisor of 552305 and 195.
65
Calculate the highest common divisor of 55025 and 63395.
155
What is the greatest common divisor of 799 and 33947113?
799
What is the highest common divisor of 12680 and 145570?
10
Calculate the greatest common factor of 47783 and 6613571.
673
What is the highest common factor of 804525 and 340?
85
What is the highest common factor of 34032 and 165199836?
8508
What is the greatest common factor of 1980827 and 1108?
277
What is the greatest common divisor of 955341 and 3321?
1107
Calculate the greatest common factor of 1845 and 7970031.
369
Calculate the greatest common divisor of 3231 and 1185418.
359
Calculate the highest common factor of 15613 and 1703.
13
Calculate the highest common factor of 64227427 and 1034.
517
Calculate the highest common divisor of 59013 and 501237.
747
Calculate the greatest common divisor of 232 and 17152514.
58
Calculate the greatest common factor of 81230 and 25.
5
Calculate the highest common factor of 3397982 and 14.
14
What is the highest common divisor of 725810 and 413030?
4010
What is the highest common factor of 3830 and 90770?
10
What is the highest common factor of 2492528 and 592?
16
What is the highest common divisor of 1900328 and 20648?
712
What is the greatest common factor of 43596585 and 1530?
765
Calculate the highest common factor of 744 and 1421652.
12
Calculate the highest common factor of 27460300 and 4550.
350
Calculate the highest common factor of 442 and 98878.
26
What is the greatest common divisor of 5287149 and 3420?
171
What is the greatest common factor of 80614 and 784801?
2371
Calculate the highest common divisor of 11576524 and 51.
17
Calculate the highest common factor of 88 and 81922335.
11
Calculate the greatest common factor of 8672890 and 1605535.
15005
Calculate the highest common factor of 99 and 36148299.
33
Calculate the highest common factor of 3512677 and 455.
7
What is the highe